{"id":27,"date":"2023-12-06T13:29:47","date_gmt":"2023-12-06T13:29:47","guid":{"rendered":"https:\/\/sportforum.markle.de\/?page_id=27"},"modified":"2023-12-06T13:29:47","modified_gmt":"2023-12-06T13:29:47","slug":"datenschutz","status":"publish","type":"page","link":"https:\/\/sportforum.markle.de\/?page_id=27","title":{"rendered":"Datenschutz"},"content":{"rendered":"<p>[et_pb_section fb_built=&#8220;1&#8243; theme_builder_area=&#8220;post_content&#8220; _builder_version=&#8220;4.23.1&#8243; _module_preset=&#8220;default&#8220;][et_pb_row _builder_version=&#8220;4.23.1&#8243; _module_preset=&#8220;default&#8220; theme_builder_area=&#8220;post_content&#8220;][et_pb_column _builder_version=&#8220;4.23.1&#8243; _module_preset=&#8220;default&#8220; type=&#8220;4_4&#8243; theme_builder_area=&#8220;post_content&#8220;][et_pb_text _builder_version=&#8220;4.23.1&#8243; _module_preset=&#8220;default&#8220; theme_builder_area=&#8220;post_content&#8220; hover_enabled=&#8220;0&#8243; sticky_enabled=&#8220;0&#8243;]<\/p>\n<h2><span><strong>Datenschutzhinweise der &#8222;Ohne Barrieren&#8220; Wohnen und Sozialdienste gGmbH&#8216;\u00a0<\/strong><strong>f\u00fcr das interne Meldesystem<\/strong><\/span><\/h2>\n<p><strong>Einleitung<\/strong><\/p>\n<p>F\u00fcr uns ist es sehr wichtig, dass mit personenbezogenen Daten sorgf\u00e4ltig und rechtskonform umgegangen wird. Dies gilt insbesondere auch f\u00fcr Daten im Zusammenhang mit Hinweisen des internen Meldesystems. Die folgenden Informationen zeigen Ihnen, wie wir mit Ihren personenbezogenen Daten im Rahmen von Hinweisen des internen Meldesystems zur pr\u00e4ventiven Verh\u00fctung von Verst\u00f6\u00dfen gegen geltendes Recht oder Unternehmensrichtlinien (z.B. Betrug oder Korruption sowie sonstige Straftatbest\u00e4nde) und\/oder zur Aufdeckung von solchen Verst\u00f6\u00dfen umgehen.<\/p>\n<p>Der Begriff personenbezogene Daten meint alle Informationen, die sich auf eine identifizierte oder identifizierbare nat\u00fcrliche Person (im Folgenden \u201ebetroffene Person\u201c) beziehen. Personenbezogene Daten sind daher beispielsweise der Vor- und Nachname, Adresse, Geburtsdatum, E-Mail-Adressen oder Telefonnummern.<\/p>\n<p>&nbsp;<\/p>\n<p><strong>1\u00a0\u00a0\u00a0\u00a0\u00a0\u00a0\u00a0 Kontaktdaten des Verantwortlichen<\/strong><\/p>\n<p><span>&#8222;Ohne Barrieren&#8220; Wohnen und Sozialdienste gGmbH<\/span><br \/><span>c\/o Hotel Sportforum<\/span><br \/><span>Kopernikusstra\u00dfe 17 A<\/span><br \/><span>18057 Rostock<\/span><\/p>\n<p><span>Fon: +49 (0) 381 128848-100<\/span><br \/><span>Fax: +49 (0) 381 128848-122<\/span><\/p>\n<p><span>E-Mail: willkommen@hotelsportforum.de<\/span><\/p>\n<p>&nbsp;<\/p>\n<p><strong>2\u00a0\u00a0\u00a0\u00a0\u00a0\u00a0\u00a0 Kontaktdaten des Datenschutzbeauftragten des Verantwortlichen<\/strong><\/p>\n<p>Herr Andr\u00e9 Weinert<\/p>\n<p>Telefon: 0381 \/ 817082 284<br \/>E-Mail:\u00a0<a href=\"mailto:a.weinert@wirtschaftskontor-weinert.de\">info@wirtschaftskontor-weinert.de<\/a><\/p>\n<p>&nbsp;<\/p>\n<p><strong>3\u00a0\u00a0\u00a0\u00a0\u00a0\u00a0\u00a0 Zwecke der Verarbeitung der personenbezogenen Daten<\/strong><\/p>\n<p>Die <span>&#8222;Ohne Barrieren&#8220; Wohnen und Sozialdienste gGmbH<\/span> verarbeitet im Rahmen der Eingabe und Bearbeitung von Meldungen im internen Meldesystem unter anderem folgende <strong>Arten an personenbezogenen Daten<\/strong>:<\/p>\n<ul>\n<li>Informationen zur pers\u00f6nlichen Identifizierung des Hinweisgebers, wie zum Beispiel Vor- und Nachname, Geschlecht, Anschrift, Telefonnummer und E-Mail-Adresse;<\/li>\n<li>Besch\u00e4ftigteneigenschaft zur <span>&#8222;Ohne Barrieren&#8220; Wohnen und Sozialdienste gGmbH<\/span><\/li>\n<li>Informationen zu betroffenen Personen, d.h. nat\u00fcrlichen Personen, die in einer Meldung als eine Person bezeichnet wird, die den Versto\u00df begangen hat, oder mit der die bezeichnete\u00a0 Person verbunden ist. Solche Informationen sind zum Beispiel Vor- und Nachname, Geschlecht, Anschrift, Telefonnummer und E-Mail-Adresse oder sonstige Informationen, die eine Identifikation erm\u00f6glichen;<\/li>\n<li>Informationen \u00fcber Verst\u00f6\u00dfe, die ggf. R\u00fcckschl\u00fcsse auf eine nat\u00fcrliche Person erlauben.<\/li>\n<\/ul>\n<p>Die <span>&#8222;Ohne Barrieren&#8220; Wohnen und Sozialdienste gGmbH<\/span> verarbeiten die personenbezogenen Daten zum Zwecke der Untersuchung der Meldungen, um Verst\u00f6\u00dfe gegen geltendes Recht oder Unternehmensrichtlinien zu verhindern, aufzudecken und\/oder Folgema\u00dfnahmen (wie Ma\u00dfnahmen zur Pr\u00fcfung der Stichhaltigkeit der in der Meldung erhobenen Behauptungen und gegebenenfalls zum Vorgehen gegen den gemeldeten Versto\u00df, unter anderem durch interne Nachforschungen, Ermittlungen, Strafverfolgungsma\u00dfnahmen, Ma\u00dfnahmen zur (Wieder-)Einziehung von Mitteln oder Abschluss des Verfahrens) vorzunehmen.<\/p>\n<p>&nbsp;<\/p>\n<p><strong>4\u00a0\u00a0\u00a0\u00a0\u00a0\u00a0\u00a0 Rechtsgrundlage<\/strong><\/p>\n<p><strong>4.1\u00a0\u00a0\u00a0\u00a0\u00a0\u00a0<\/strong><\/p>\n<p>Informationen zur pers\u00f6nlichen Identifizierung des Hinweisgebers verarbeiten wir nur, wenn uns der Hinweisgeber dazu eine Einwilligung gem\u00e4\u00df Art. 6 UAbs. 1 lit.\u00a0a DSGVO abgegeben hat. Danach ist die Verarbeitung nur rechtm\u00e4\u00dfig, wenn die betroffene Person ihre Einwilligung zu der Verarbeitung der sie betreffenden personenbezogenen Daten f\u00fcr einen oder mehrere bestimmte Zwecke gegeben hat.<\/p>\n<p><strong>4.2\u00a0\u00a0\u00a0\u00a0\u00a0\u00a0<\/strong><\/p>\n<p>Informationen zur Besch\u00e4ftigteneigenschaft, Informationen zu betroffenen Personen sowie sonstige Informationen, die R\u00fcckschl\u00fcsse auf nat\u00fcrliche Personen zulassen, verarbeiten wir auf der Grundlage Art. 6 UAbs. 1 lit.\u00a0f DS-GVO. Danach ist die Verarbeitung rechtm\u00e4\u00dfig, wenn die Verarbeitung zur Wahrung der berechtigten Interessen des Verantwortlichen oder eines Dritten erforderlich ist, sofern nicht die Interessen oder Grundrechte und Grundfreiheiten der betroffenen Person, die den Schutz personenbezogener Daten erfordern, \u00fcberwiegen.\u00a0<\/p>\n<p>Unser berechtigtes Interesse besteht \u2013 je nach zu pr\u00fcfenden konkreten Einzelfall \u2013 in der Bearbeitung von Meldungen, um Folgema\u00dfnehmen durchf\u00fchren zu k\u00f6nnen, wie Ma\u00dfnahmen zur Pr\u00fcfung der Stichhaltigkeit der in der Meldung erhobenen Behauptungen und gegebenenfalls zum Vorgehen gegen den gemeldeten Versto\u00df, unter anderem durch interne Nachforschungen, Ermittlungen, Strafverfolgungsma\u00dfnahmen, Ma\u00dfnahmen zur (Wieder-)Einziehung von Mitteln oder Abschluss des Verfahrens. Ob Interessen oder Grundrechte und Grundfreiheiten der betroffenen Person einer solchen Datenverarbeitung entgegenstehen, wird im Einzelfall \u2013 unter anderem auch mit Blick auf den Versto\u00df \u2013 gepr\u00fcft.<\/p>\n<p><strong>4.3\u00a0 \u00a0<\/strong><\/p>\n<p>Wir verarbeiten gegebenenfalls personenbezogene Daten von Besch\u00e4ftigten auf Grundlage von \u00a7 26 Abs. 1 Satz 2 BDSG. Danach d\u00fcrfen personenbezogene Daten von Besch\u00e4ftigten i.S.d. \u00a7 26 Abs. 8 BDSG zur Aufdeckung von Straftaten verarbeitet werden, wenn zu dokumentierende tats\u00e4chliche Anhaltspunkte den Verdacht begr\u00fcnden, dass die betroffene Person im Besch\u00e4ftigungsverh\u00e4ltnis eine Straftat begangen hat, die Verarbeitung zur Aufdeckung erforderlich ist und das schutzw\u00fcrdige Interesse der oder des Besch\u00e4ftigten an dem Ausschluss der Verarbeitung nicht \u00fcberwiegt, insbesondere Art und Ausma\u00df im Hinblick auf den Anlass nicht unverh\u00e4ltnism\u00e4\u00dfig sind.<\/p>\n<p>&nbsp;<\/p>\n<p><strong>5\u00a0\u00a0\u00a0\u00a0\u00a0\u00a0\u00a0 Ihre Rechte\u00a0<\/strong><\/p>\n<p>Sie haben gegen\u00fcber uns die folgenden Rechte hinsichtlich der Sie betreffenden personenbezogenen Daten:<\/p>\n<ul>\n<li>Recht auf Auskunft (Art. 15 DSGVO),<\/li>\n<\/ul>\n<ul>\n<li>Recht auf Berichtigung (Art. 16 DSGVO) oder L\u00f6schung (Art. 17 DSGVO),<\/li>\n<\/ul>\n<ul>\n<li>Recht auf Einschr\u00e4nkung der Verarbeitung (Art. 18 DSGVO),<\/li>\n<\/ul>\n<ul>\n<li>Recht auf Daten\u00fcbertragbarkeit (Art. 20 DSGVO),<\/li>\n<\/ul>\n<ul>\n<li>Recht auf Widerspruch gegen die Verarbeitung (21 DSGVO).<\/li>\n<\/ul>\n<ul>\n<li>Dar\u00fcber hinaus weisen wir Sie als Hinweisgeber auf Ihr Recht hin, Ihre Einwilligung jederzeit zu widerrufen, ohne dass die Rechtm\u00e4\u00dfigkeit der aufgrund der Einwilligung bis zum Widerruf erfolgten Verarbeitung davon ber\u00fchrt wird.\u00a0<\/li>\n<\/ul>\n<p>Sie k\u00f6nnen Ihre Rechte unter anderem aus\u00fcben, indem Sie eine E-Mail an folgende E-Mail-Adresse schreiben: <a href=\"mailto:info@manisolutions.de\">info@manisolutions.de<\/a><\/p>\n<p>Des Weiteren haben Sie das Recht, sich bei einer Datenschutz-Aufsichtsbeh\u00f6rde \u00fcber die Verarbeitung Ihrer personenbezogenen Daten durch uns zu beschweren. Sie k\u00f6nnen sich hierf\u00fcr an die Aufsichtsbeh\u00f6rde unseres Firmensitzes wenden. Die Adresse finden Sie unter nachfolgendem Link im Internet:<\/p>\n<p><a href=\"https:\/\/www.bfdi.bund.de\/DE\/Infothek\/Anschriften_Links\/anschriften_links-node.html\">https:\/\/www.bfdi.bund.de\/DE\/Infothek\/Anschriften_Links\/anschriften_links-node.html<\/a><\/p>\n<p>&nbsp;<\/p>\n<p><strong>6\u00a0\u00a0\u00a0\u00a0\u00a0\u00a0\u00a0 Allgemeine Informationen zu den Empf\u00e4ngern oder Kategorien von Empf\u00e4ngern<\/strong><\/p>\n<p>Die personenbezogenen Daten, die im Rahmen einer Meldung verarbeitet werden, werden von der Firma Mani Solutions GmbH, Wiesnweg 4, 18258 Br\u00f6bberow, im Auftrag und nach Weisungen der <span>&#8222;Ohne Barrieren&#8220; Wohnen und Sozialdienste gGmbH<\/span> verarbeitet.<\/p>\n<p>Eine \u00dcbermittlung der personenbezogenen Daten an Dritte findet grunds\u00e4tzlich nur statt, wenn daf\u00fcr eine Rechtsgrundlage vorliegt. Dies ist insbesondere der Fall, wenn die \u00dcbermittlung der Erf\u00fcllung gesetzlicher Vorgaben, nach denen wir zur Auskunft, Meldung oder Weitergabe von Daten verpflichtet sind, dient, Sie uns Ihre Einwilligung dazu erteilt haben oder eine Interessenabw\u00e4gung dies rechtfertigt. \u00a0<\/p>\n<p>Dar\u00fcber hinaus verarbeiten externe Dienstleistungsunternehmen, wie beispielsweise externe Rechenzentren oder Telekommunikationsanbieter, personenbezogene Daten in unserem Auftrag als Auftragsverarbeiter.<\/p>\n<p>Je nach Zust\u00e4ndigkeitsschwerpunkt der Meldung sowie zur effektiven Einleitung von Folgema\u00dfnahmen werden die personenbezogenen Daten gegebenenfalls an unsere entsprechend zust\u00e4ndigen Fachabteilungen weitergegeben.\u00a0<\/p>\n<p>Unter Umst\u00e4nden geben wir die personenbezogenen Daten auch an staatliche Gefahrenabwehr- und\/oder Strafverfolgungsbeh\u00f6rden, sonstige zust\u00e4ndige Beh\u00f6rden und\/oder zur Verschwiegenheit verpflichtete Personen, wie etwa an Wirtschaftspr\u00fcfer\/Rechtsanw\u00e4lte, weiter.<\/p>\n<p>&nbsp;<\/p>\n<p><strong>7\u00a0\u00a0\u00a0\u00a0\u00a0\u00a0\u00a0 Allgemeine Informationen \u00fcber den Aufbewahrungszeitraum<\/strong><\/p>\n<p>Daten werden in der Regel solange gespeichert, bis die Folgema\u00dfnahmen abgeschlossen sind. In der Regel werden die Daten aus einer Meldung nach 2\u00a0Monaten gel\u00f6scht, nachdem das Verfahren endg\u00fcltig abgeschlossen ist, es sei denn, die Einleitung weiterer rechtlicher Schritte erfordert die weitere Aufbewahrung (z.B. Einleitung von Strafverfahren oder Disziplinarverfahren). Personenbezogene Daten im Zusammenhang mit Meldungen werden von uns unverz\u00fcglich gel\u00f6scht, sofern wir sie als offensichtlich sachlich grundlos erachten.<\/p>\n<p>&nbsp;<\/p>\n<p><strong>8\u00a0\u00a0\u00a0\u00a0\u00a0\u00a0\u00a0 Informationen gem\u00e4\u00df Art. 13 Abs. 2 lit. e DS-GVO<\/strong>\u00a0<\/p>\n<p>Die Bereitstellung der Daten \u00fcber eine Meldung ist weder vertraglich vorgeschrieben noch f\u00fcr einen Vertragsabschluss erforderlich ist. Unter Umst\u00e4nden bestehen je nach individuellem Einzelfall gesetzliche Pflichten, uns eine Meldung zu erteilen. F\u00fcr eine sinnvolle Bearbeitung und Untersuchung der Meldung ist eine Verarbeitung der Daten jedoch erforderlich.\u00a0\u00a0<\/p>\n<p>[\/et_pb_text][\/et_pb_column][\/et_pb_row][\/et_pb_section]<\/p>\n","protected":false},"excerpt":{"rendered":"<p>Datenschutzhinweise der &#8222;Ohne Barrieren&#8220; Wohnen und Sozialdienste gGmbH&#8216;\u00a0f\u00fcr das interne Meldesystem Einleitung F\u00fcr uns ist es sehr wichtig, dass mit personenbezogenen Daten sorgf\u00e4ltig und rechtskonform umgegangen wird. Dies gilt insbesondere auch f\u00fcr Daten im Zusammenhang mit Hinweisen des internen Meldesystems. Die folgenden Informationen zeigen Ihnen, wie wir mit Ihren personenbezogenen Daten im Rahmen von Hinweisen [&hellip;]<\/p>\n","protected":false},"author":1,"featured_media":0,"parent":0,"menu_order":0,"comment_status":"closed","ping_status":"closed","template":"","meta":{"_et_pb_use_builder":"on","_et_pb_old_content":"","_et_gb_content_width":"","footnotes":""},"class_list":["post-27","page","type-page","status-publish","hentry"],"_links":{"self":[{"href":"https:\/\/sportforum.markle.de\/index.php?rest_route=\/wp\/v2\/pages\/27","targetHints":{"allow":["GET"]}}],"collection":[{"href":"https:\/\/sportforum.markle.de\/index.php?rest_route=\/wp\/v2\/pages"}],"about":[{"href":"https:\/\/sportforum.markle.de\/index.php?rest_route=\/wp\/v2\/types\/page"}],"author":[{"embeddable":true,"href":"https:\/\/sportforum.markle.de\/index.php?rest_route=\/wp\/v2\/users\/1"}],"replies":[{"embeddable":true,"href":"https:\/\/sportforum.markle.de\/index.php?rest_route=%2Fwp%2Fv2%2Fcomments&post=27"}],"version-history":[{"count":2,"href":"https:\/\/sportforum.markle.de\/index.php?rest_route=\/wp\/v2\/pages\/27\/revisions"}],"predecessor-version":[{"id":30,"href":"https:\/\/sportforum.markle.de\/index.php?rest_route=\/wp\/v2\/pages\/27\/revisions\/30"}],"wp:attachment":[{"href":"https:\/\/sportforum.markle.de\/index.php?rest_route=%2Fwp%2Fv2%2Fmedia&parent=27"}],"curies":[{"name":"wp","href":"https:\/\/api.w.org\/{rel}","templated":true}]}}